?
196
Let v(s) = -371*s**3 - 17439*s**2 - 99*s - 197. Determine v(-47).
38
Let b(d) = -5*d**2 + 121*d + 14332. Calculate b(67).
-6
Let c(r) = -3*r**3 + 1459*r**2 - 23056*r + 12222. Determine c(470).
2
Let m(l) = -l**2 + 2920*l - 346686. Calculate m(124).
18
Let t(m) = -15*m**2 - 276*m + 342. Determine t(-20).
-138
Let k(m) = 2*m**2 - 200*m + 2580. Calculate k(17).
-242
Let q(r) = -42*r**3 - 378*r**2 + 2*r - 22. Determine q(-9).
-40
Let u(h) = 1278*h - 162322. What is u(127)?
-16
Let w(r) = 4*r**3 + 1388*r**2 + 3*r + 1200. Give w(-347).
159
Let s(d) = -279*d**2 + 5260*d + 149. Give s(19).
-630
Let w(z) = 41666*z - 1749907. What is w(42)?
65
Let x(z) = -37*z**2 - 567*z - 107. Determine x(-16).
-507
Let a(o) = 542*o + 49869. Give a(-92).
5
Let n(t) = -t**2 + 102*t - 182. Give n(60).
2338
Let c(h) = -1485*h**2 - 17823*h - 42. Calculate c(-12).
-6
Let l(b) = -b**3 - 52*b**2 + 620*b - 19. What is l(10)?
-19
Let n(b) = -181*b**2 - 6015*b - 1394. Calculate n(-33).
-8
Let m(p) = -2*p**3 + 5*p**2 + 1821*p - 5445. What is m(3)?
9
Let b(f) = -2*f**2 + 435*f - 282. Determine b(217).
-65
Let n(g) = -2*g**3 + 14*g**2 + 41*g + 106. Calculate n(10).
-84
Let g(v) = 2*v**2 + 70*v - 5399. What is g(37)?
-71
Let b(l) = -84*l**2 + 1317*l - 1253. Determine b(1).
-20
Let g(n) = 2526*n - 154089. Calculate g(61).
-3
Let b(w) = 18*w**3 + 129*w**2 - 304*w + 74. Calculate b(2).
126
Let x(p) = -p**3 + 56*p**2 + 81*p + 219. What is x(57)?
1587
Let g(f) = 66121*f - 3835018. Calculate g(58).
0
Let o(v) = -16274*v - 781126. Calculate o(-48).
26
Let s(t) = -3*t**3 - 111*t**2 - 735*t + 5. Determine s(-8).
317
Let w(v) = -8812*v + 70133. Give w(8).
-363
Let s(o) = 46653*o + 2565912. Calculate s(-55).
-3
Let t(a) = 119*a - 3099. Determine t(24).
-243
Let o(h) = 5*h**2 - 766*h + 20418. What is o(119)?
69
Let i(y) = -887*y + 19506. Give i(22).
-8
Let i(j) = 11*j**3 + 307*j**2 + 911*j - 6. Determine i(-3).
-273
Let r(z) = 586*z + 39959. Determine r(-67).
697
Let l(n) = -4784*n + 81617. Determine l(17).
289
Let l(j) = -4*j**2 + 1691*j + 364. Calculate l(423).
-59
Let a(w) = -303*w**2 + 13970*w - 1474. Give a(46).
-2
Let s(j) = j**3 + 5454*j**2 - 103991*j + 85. Determine s(19).
9
Let n(v) = -v**3 - 22*v**2 - 744*v - 14246. Give n(-20).
-166
Let d(k) = -k**3 - 1214*k**2 + 7337*k - 19. What is d(6)?
83
Let j(l) = 470*l + 93993. What is j(-200)?
-7
Let p(j) = 1292*j + 436711. Calculate p(-338).
15
Let f(i) = -32*i + 1158. What is f(25)?
358
Let u(o) = -2*o**2 + 175*o + 3927. Give u(-21).
-630
Let q(n) = n**3 - 290*n**2 - 302*n + 2024. What is q(291)?
-1177
Let f(x) = -x**2 - 45*x + 252. What is f(-37)?
548
Let g(w) = 2032*w**2 + 2027*w + 7. Give g(-1).
12
Let s(o) = -164*o - 18509. Give s(-113).
23
Let f(l) = l**3 - 37*l**2 + 42579*l - 1014412. Determine f(24).
-4
Let g(l) = 4*l**3 + 263*l**2 - 96*l - 1655. Determine g(-66).
325
Let l(f) = -10*f**2 - 332*f + 6612. Calculate l(14).
4
Let h(d) = 122*d**2 - 28198*d + 3691. Calculate h(231).
-5
Let t(l) = -l**3 + 41*l**2 + 66*l + 29. What is t(43)?
-831
Let f(m) = m**2 - 130*m + 2089. Determine f(102).
-767
Let x(n) = 47139*n + 141418. Determine x(-3).
1
Let z(p) = p**3 - 67*p**2 - 25*p + 1828. Determine z(67).
153
Let l(u) = -6152*u + 486028. Calculate l(79).
20
Let a(m) = 62729*m + 439164. Calculate a(-7).
61
Let o(r) = -2*r**3 + 8*r**2 + 49*r - 212. Give o(-6).
214
Let j(t) = 6581*t - 1684735. What is j(256)?
1
Let y(s) = -2*s**2 - 1275*s - 216. Determine y(0).
-216
Let o(y) = 867*y + 489849. What is o(-565)?
-6
Let u(r) = -1466*r**2 - 7198*r + 9. Determine u(-5).
-651
Let m(r) = r**3 + 14*r**2 + 20*r + 42. Calculate m(-12).
90
Let r(g) = 8*g**2 - 424*g + 289. Give r(52).
-127
Let s(f) = -8587*f - 343484. Give s(-40).
-4
Let i(b) = b**2 + 2024172*b - 16193444. What is i(8)?
-4
Let d(m) = 7602*m - 3238453. Give d(426).
-1
Let x(l) = 124*l + 575. Give x(-8).
-417
Let n(w) = 6*w**3 - w**2 - 566*w + 1709. Calculate n(3).
164
Let m(j) = -1003*j - 9048. Determine m(-9).
-21
Let k(f) = -36*f**2 - 114*f + 752. Calculate k(5).
-718
Let k(g) = -14*g**2 + 601*g + 259. Determine k(43).
216
Let w(n) = n**3 + 321*n**2 + 13987*n - 52. What is w(-52)?
0
Let j(t) = 29349*t - 117393. Give j(4).
3
Let m(t) = -3619*t - 1411430. What is m(-390)?
-20
Let w(t) = 8*t**2 + 2539*t - 2544. Determine w(1).
3
Let f(n) = -7252*n + 717909. Calculate f(99).
-39
Let c(j) = -j**2 - 42*j + 2892. Determine c(-79).
-31
Let p(i) = -6*i**2 - 302*i + 2314. Calculate p(-57).
34
Let v(y) = -12*y**2 + 1389*y - 905. Determine v(115).
130
Let t(b) = -777*b - 47. Calculate t(0).
-47
Let r(c) = -c**3 - 35*c**2 - 4404*c - 171691. Determine r(-38).
-7
Let y(r) = -7*r**2 - 204*r - 1452. What is y(-15)?
33
Let p(w) = -w**2 + 99*w - 1537. Give p(55).
883
Let c(n) = 6*n**3 - 9*n**2 - 45838*n + 91670. Determine c(2).
6
Let b(v) = v**3 - 101*v**2 + 1316*v + 705. Calculate b(16).
1
Let c(y) = 94*y**2 + 777*y + 1520. Calculate c(-5).
-15
Let z(w) = 8*w**2 - 89*w + 7. Give z(11).
-4
Let r(u) = -339*u - 2826. Determine r(-4).
-1470
Let v(n) = 6*n**3 + 1598*n**2 + 551*n + 2394. Calculate v(-266).
-2660
Let z(j) = 5877*j + 64655. Calculate z(-11).
8
Let g(w) = -3*w**3 - 79*w**2 - 35*w + 26. Calculate g(-26).
260
Let y(o) = 1168*o + 488228. Determine y(-418).
4
Let s(q) = -133*q**3 - 8*q**2 - 22*q + 3. Calculate s(-2).
1079
Let r(f) = -9*f**3 - 29*f**2 + 102*f + 323. What is r(-3)?
-1
Let r(n) = -n**3 - 15*n**2 - 10*n + 36. Calculate r(-14).
-20
Let g(o) = -28*o**2 - 5132*o - 1459. Give g(-183).
5
Let b(n) = 290*n - 4413. Give b(11).
-1223
Let l(m) = 95426*m + 667979. What is l(-7)?
-3
Let h(t) = 3385*t - 169345. Give h(50).
-95
Let o(z) = -1355*z - 56308. Calculate o(-40).
-2108
Let q(w) = -w**3 - 615*w**2 - 40499*w + 595. Calculate q(-540).
55
Let b(w) = 8*w**2 + 19*w + 19. Give b(5).
314
Let m(y) = -106*y**2 + 590*y - 242. What is m(6)?
-518
Let f(u) = 12963*u + 596360. Calculate f(-46).
62
Let n(f) = -2*f**2 - 19762*f + 197588. Give n(10).
-232
Let m(v) = 8988*v + 161796. What is m(-18)?
12
Let m(f) = -3*f**3 - 16*f**2 - 748*f - 2913. What is m(-4)?
15
Let h(f) = f**3 - f**2 - 179*f - 694. Give h(-4).
-58
Let b(d) = -d**3 + 173*d**2 + 528*d - 227. Give b(176).
-227
Let h(i) = 2*i**3 + 83*i**2 + 64*i - 2267. Give h(-40).
-27
Let n(m) = -104*m**3 - 14*m**2 - 58*m - 40. What is n(-2)?
852
Let h(v) = 126*v**2 - 3537*v + 103. Determine h(28).
-149
Let t(j) = j**3 - 138*j**2 + 4704*j + 3784. Calculate t(71).
21
Let c(q) = q**3 + 1074*q**2 - 123793*q - 202. Give c(105).
8
Let y(j) = -7*j**3 + 94*j**2 - 292*j - 152. Calculate y(7).
9
Let g(q) = 978*q - 10079. Give g(10).
-299
Let l(v) = -2*v**2 - 14*v + 5542. Determine l(-56).
54
Let c(a) = 49*a**2 + 147*a + 267. What is c(-5)?
757
Let o(j) = -j**3 + 3188*j**2 + 19133*j - 192. Determine o(-6).
-6
Let m(i) = 159*i**3 - 6*i**2 + 14*i - 14. Calculate m(1).
153
Let g(o) = -103*o**3 - 4*o**2 + 52*o + 159. What is g(-3)?
2748
Let v(x) = -3*x**3 + 252*x**2 + 250*x - 20917. What is v(84)?
83
Let p(r) = -2*r**3 - 33*r**2 + 200*r + 2496. Determine p(-17).
-615
Let f(g) = -g**3 - 27*g**2 + 78*g + 2341. Give f(-27).
235
Let d(f) = -f**3 - 128*f**2 - 236*f - 30198. Give d(-128).
10
Let q(s) = -198*s**2 + 4329*s + 101. What is q(22)?
-493
Let c(m) = 49031*m - 833408. Give c(17).
119
Let l(y) = 7141*y - 235723. Calculate l(33).
-70
Let v(i) = -i**3 + 18*i**2 + 4*i - 219. Determine v(16).
357
Let n(t) = 2*t**3 - 442*t**2 - 2263*t + 687. Determine n(226).
9
Let v(d) = -2*d**3 - 170*d**2 + 365*d - 1073. What is v(-87)?
-2552
Let o(m) = -17*m**2 - 55*m - 5. What is o(-3)?
7
Let w(s) = s**2 + 14627*s - 6877847. Give w(456).
1
Let t(x) = x**3 + 666*x**2 - 2465*x + 144030. Give t(-670).
-20
Let j(x) = 4053*x - 174328. Give j(43).
-49
Let y(p) = 3*p**3 - 47*p**2 + p - 240. Give y(17).
933
Let f(j) = 8*j**2 - 80*j - 470. Give f(16).
298
Let a(p) = 5*p**2 - 6987*p - 48846. Give a(-7).
308
Let m(k) = -18*k**2 + 22*k - 573. What is m(11)?
-2509
Let p(j) = j**3 - 52*j**2 + 200*j - 460. What is p(48)?
-76
Let g(h) = -h**2 + 173*h + 60413. What is g(-176)?
-1011
Let r(s) = -20*s**2 + 383*s - 905. Give r(6).
673
Let y(m) = 1337*m + 1012154. What is y(-757)?
45
Let q(l) = -120*l + 3522. Determine q(18).
1362
Let m(o) = 3*o**3 + 1847*o**2 - 11184*o + 7. Give m(6).
43
Let g(p) = -p*